3*h - 1/6*h**3. Let p be i(-8). Calculate the greatest common divisor of 8 and p.
8
Let n(h) = h**3 + 26*h**2 + 72. Let t be n(-26). Calculate the greatest common divisor of 108 and t.
36
Suppose b - 142 = -5*c, -b + 4*c + c = -122. Suppose -7*a + 3*a + b = v, 2*a - 10 = 0. Calculate the greatest common factor of 14 and v.
14
Let x(y) = 5*y**2 - 34*y - 199. Let w be x(-5). Let r = -38 - -62. What is the greatest common divisor of w and r?
24
Suppose -4*d = -7 - 61. Calculate the greatest common divisor of 663 and d.
17
Let z = 1 + 18. Let j(b) = 26*b - 11. Let d be j(7). Calculate the greatest common divisor of z and d.
19
Let l = -1559 + 1584. Calculate the greatest common divisor of 475 and l.
25
Let n = 111 + -73. What is the greatest common factor of 171 and n?
19
Let m = 19 - 11. Suppose -10 = -8*v + 3*v. Suppose v*x - 5 = 3*y, -5*y + 2 = -x + 1. Calculate the greatest common factor of m and y.
1
Suppose 68*n - 10450 = 43*n. Calculate the highest common factor of 66 and n.
22
Suppose -6*r = -12*r + 2496. Calculate the highest common factor of 32 and r.
32
Suppose -24*t - 10*t + 7854 = 0. Calculate the greatest common divisor of 21 and t.
21
Suppose 0 = -78*k + 867 + 2097. Suppose 0*o = 3*o - 1254. What is the greatest common factor of k and o?
38
Suppose -n + 0*r + 35 = 4*r, -3*r - 159 = -4*n. Let b = n + -12. What is the highest common factor of b and 27?
27
Suppose 14113 + 5759 = 36*g. Calculate the highest common factor of g and 48.
24
Let s = -4 - -8. Suppose -14*n + 55 = -57. What is the greatest common divisor of s and n?
4
Suppose 5*l - 3*w = 3, -l + 2*w + 4 = 9. Suppose l*o - 4 = -2*a, o - 3*a = -0*a + 5. Suppose 0 = -v - 0 + o. Calculate the greatest common factor of v and 18.
2
Let w be 1*(0/(-2))/(-1). Let o be 32 + (-6 - -5 - (-2)/2). Suppose o = 2*v - x - 5, -v + 5*x + 41 = w. What is the highest common factor of v and 4?
4
Suppose 5*c - 3 - 7 = 0, 5*n - 4*c - 12 = 0. Suppose 2*w - 44 = -4*q, -n*w + 3*w + 5*q = -15. What is the highest common factor of 220 and w?
20
Let y(a) = 77*a**2 + 2*a - 50. Let z be y(5). What is the greatest common divisor of z and 13?
13
Let o = 1485 + -645. Suppose 0 = -2*z - 3*z + o. Let k be -1 + 145/10*4/2. What is the highest common divisor of k and z?
28
Suppose 5*d - 31 = 24. Suppose -c + 171 = 8*c. Let x = c + -8. What is the highest common factor of x and d?
11
Suppose -105 = -3*d + 188 - 38. Let p = -8 - -25. What is the highest common factor of p and d?
17
Suppose 2*c - 3*c + 20 = 0. Let g(p) = 7*p - 9. Let n be g(14). Let l = 129 - n. What is the greatest common factor of l and c?
20
Let u(t) = -t**2 + 18*t - 17. Let q be u(13). Suppose -5*o + q = -o. Calculate the greatest common divisor of 72 and o.
12
Suppose h + 5*a - 97 = 0, 0*h + 308 = 3*h - 2*a. Calculate the highest common factor of h and 136.
34
Suppose -4*z = -2*b - 3104, 7*b + 767 = z + 11*b. Calculate the greatest common factor of z and 25.
25
Let p = -29 + 520. Suppose 11*g + 106 = p. Calculate the highest common factor of 5 and g.
5
Let u(o) = 12*o**3 - 2*o**2. Let t be u(2). Let x be -20*((-16)/5)/8. What is the highest common divisor of x and t?
8
Suppose i - 4 - 46 = -3*a, -2*a + 150 = 4*i. Suppose -i = -o - 2. What is the greatest common divisor of o and 165?
33
Let k = -2 + -5. Let g be (-4 - k) + 10*1. Suppose y - g = 1. What is the highest common divisor of y and 14?
14
Let o = -240 - -259. Suppose -r + 3*u = -7, -3*u + 107 = 2*r + 3*r. Calculate the highest common divisor of o and r.
19
Let n be (0 - 2)/(5*(-15)/600). What is the highest common factor of n and 100?
4
Let t be -6 - ((-308)/35 + (-7)/35). Let d(c) = -c**2 - 13*c - 12. Let a be d(-9). What is the highest common divisor of a and t?
3
Let h(z) = 8*z**2 + 4*z - 6. Let s be h(3). Let v = s - 42. Calculate the greatest common divisor of 24 and v.
12
Let f be (2/2)/((-1)/(-3)). Suppose 4*j + f - 11 = -4*q, -14 = j + 5*q. Let v = -202 - -214. What is the greatest common factor of v and j?
6
Let z(x) = x**3 + 13*x**2 + 29*x + 2. Let s be z(-10). What is the highest common divisor of 60 and s?
12
Suppose -2*w = -s + 9, 4*s - w = -s + 18. Suppose -s*g = -55 - 131. Let p be 1 + g*3/6. Calculate the highest common factor of 8 and p.
8
Suppose 5*l + 10 = 7*l. Calculate the greatest common divisor of 1865 and l.
5
Let i(v) = -v**3 - 5*v**2 + 3. Let z be i(-5). Suppose 5*c + 85 = z*n + 2*n, 56 = 3*n - 4*c. What is the highest common factor of 24 and n?
12
Let s be (-7)/(35/(-102)) - (-10)/(-25). What is the highest common factor of s and 55?
5
Suppose 0 = -2*b + 4*m + 80, 5*m - 18 = -2*b + 17. Let y be (-5)/2*4/(-5). Let s be (-1 - -14) + y - 0. Calculate the highest common factor of b and s.
15
Suppose 5*n = 3*t + 8, 0 = -t + 2 + 2. Let w = 40 - n. What is the greatest common divisor of w and 9?
9
Suppose 7*m = 3*m. Let l be 13 + -3 + m + -1. What is the greatest common divisor of 90 and l?
9
Let f = -2913 - -2961. Calculate the greatest common factor of 252 and f.
12
Suppose -4*h + 3*j + 16 = 0, j = 2*h + 2*j + 2. Let z be (h/2)/((-2)/56). Let p be 1*2/(-2)*z. What is the greatest common divisor of p and 21?
7
Suppose l + l = 0. Suppose -g - 3*n + 5 = l, 0*n = g - 5*n - 5. Suppose 2*h + 131 = 5*w + 5*h, -85 = -3*w - 5*h. What is the greatest common factor of w and g?
5
Suppose -45 = -4*u - 5*u. Let i(l) = 4*l. Let n be i(u). Calculate the greatest common factor of 50 and n.
10
Let x(h) be the first derivative of -h**4/4 + 2*h**3 - h**2/2 + 8*h - 8. Let v be x(5). Let g be 188/28 + 12/42. What is the highest common divisor of g and v?
7
Let u be (-34 - -181)*(2 + (-5)/3). What is the highest common factor of 56 and u?
7
Let t be ((-21)/(-35) + -11)*165/(-2). Calculate the greatest common factor of 156 and t.
78
Suppose w - 1 = b + 14, 0 = -3*w - 4*b + 17. What is the greatest common factor of 2 and w?
1
Suppose 35*h + 0*h = 1015. Calculate the highest common factor of 87 and h.
29
Suppose 45 - 45 = -10*s. Suppose 2*g + 0*c + c - 65 = 0, 2*g + 2*c - 70 = s. What is the greatest common factor of g and 45?
15
Let r be (87 - -8) + -1 + 0. Suppose -802 = -7*d + r. Suppose -3*g = -3*l + 39, -2*g + 0*g - 10 = -l. What is the greatest common divisor of d and l?
16
Let l(t) = -14*t + 53. Let o be l(-3). What is the greatest common factor of o and 5?
5
Let k(x) = 6*x**2 - 255*x + 144. Let j be k(42). Suppose 2*l - 36 = -2*p - 0*p, 4*p = -5*l + 72. What is the highest common factor of p and j?
18
Let f be 122/(-14) + (-4)/14. Let n = f + 12. Suppose -3*x + 84 = x. What is the highest common factor of x and n?
3
Let n = 18 - 10. Suppose -3*v = 3*s - 5*s + 1, -2*v - 3*s + n = 0. Suppose -u - 4*r = 7 - 35, -5*r + v = -3*u. What is the greatest common factor of u and 8?
8
Suppose 70*n - 55*n - 165 = 0. Calculate the greatest common divisor of n and 55.
11
Suppose 5*t - 9 = 3*w, -2*w - 2 - 4 = 3*t. Let g(q) = -6*q**3 + 4*q**3 - q - q**2 + q**3 + 26. Let x be g(t). Calculate the greatest common factor of 13 and x.
13
Suppose 2*u = 2*y + 64, 3*u - 57 = -4*y + 60. Suppose t = 111 + 64. What is the highest common divisor of t and u?
35
Suppose 0 = 5*s + 41 + 4. Let c = 14 - s. What is the greatest common divisor of c and 184?
23
Let b be (-49)/(-4)*240/5. Suppose 0 = -12*j - 0*j + b. What is the greatest common divisor of 49 and j?
49
Let a(f) = 410*f**2 + 14*f - 21. Let v be a(2). Calculate the highest common factor of 61 and v.
61
Suppose 6 = -4*t - 14. Let j be 24/20*-7*t. Suppose j = -l + 2*l. Calculate the greatest common factor of l and 28.
14
Suppose 3*m - 421 = -5*v, 329*v - 5 = 328*v. Calculate the greatest common divisor of 24 and m.
12
Let t = 133 + -88. Let q be (4*-3)/(-4) + 2. Calculate the highest common divisor of t and q.
5
Let i = 21 + -6. Suppose 0 = 2*d - 4*d + 3*s - 32, 2*d + 40 = 5*s. Let n = d + 15. Calculate the greatest common divisor of n and i.
5
Let v(w) = w**3 + 17*w**2 + 13*w - 31. Let j be v(-16). Let q = -59 - -110. Calculate the greatest common divisor of q and j.
17
Let p be -68 + 70 - (-186 + 1). What is the highest common divisor of 77 and p?
11
Let a be (-3 + 17)*(12 - 10). Suppose 2*r - 28 = a. Suppose -17 = -3*s - 4*o, 15 - 35 = -3*s - o. Calculate the greatest common factor of s and r.
7
Let x = -12 - -97. Let s be ((-504)/15)/(-1) - 16/(-40).